o**2 - 3*o - 3. Suppose 3*p + 16 = 43. Suppose 0 = p*x + 27 - 0. Determine n(x).
-3
Let b(a) = -10*a**3 - 2*a**2 + 3*a + 4. Let j be b(-1). Let t(y) = -65*y + 134*y - 1 - 2 - 71*y. Calculate t(j).
-21
Let m(q) = 7*q**3 + q**2 + q - 1. Let l = -51 + 88. Let w = l - 32. Suppose -5*n = -0 - w. Give m(n).
8
Let i(o) = -o**3 + 10*o**2 + 6*o + 12. Let r = 17203 + -17192. Give i(r).
-43
Let a(o) = o**2 - 6 + 0*o**2 + 1 - o. Suppose -100*h = -104*h + 4*l - 8, 3*h + 4*l - 50 = 0. Give a(h).
25
Let c(y) = -55*y**2 + 25*y**2 + 29*y**2 - 2 - y. Suppose -6*x - 4 = -2*x, 4*x = 2*o - 4. Determine c(o).
-2
Let f be -3*(44/55)/(3/10). Let t(s) be the first derivative of -s**2 + 2*s + 68. What is t(f)?
18
Let h(a) be the first derivative of -14*a**2 - 14*a - 23. Let d(o) = -16*o - 7. Let t(g) = -5*d(g) + 3*h(g). Give t(-3).
5
Let m(c) be the second derivative of -13*c**4/6 + c**3/3 + 2784*c. Determine m(1).
-24
Let n(j) = 2*j**2 - 2*j + 1. Let d be n(2). Let c = d + 1. Let g(b) = -b**2 - 4*b + 10*b - 1691 + 1694. Calculate g(c).
3
Let z be (-20)/8 - (-275)/110. Let b(p) be the second derivative of -9*p - 1/6*p**3 + z + 11/2*p**2. What is b(9)?
2
Suppose -4*s + 16 = 4*s. Let f be ((6 - 3) + -3)/(s + 0). Let b(r) = 2000 + f*r - r - 2002. Determine b(2).
-4
Let f(c) be the first derivative of c**2/2 - 14*c + 1. Let l = 299718 + -299704. Determine f(l).
0
Let b(s) = -s**2 + 14*s - 3. Let z = -4832 - -4835. Calculate b(z).
30
Let q(v) = v**2 - v**3 + 13*v**2 + 7*v - 22*v**2 - 18. What is q(-9)?
0
Let h(j) = -11*j - j**2 + 8 - 74*j + 89*j. Give h(6).
-4
Let j(q) = -q + 19. Let k(l) = 15*l**2 + 2*l - 4. Suppose -4*i + 13 = m, 0 = -2*m + i - 1. Let s be k(m). Give j(s).
6
Suppose 38 = -3*t - 5*z, -7*z = t - 3*z - 6. Let w(l) = -l**3 - 24*l**2 + 54*l + 51. What is w(t)?
-1
Let z(x) = x**2 + 4*x - 7. Suppose -123*i + 10 = -125*i. What is z(i)?
-2
Let g(a) = -8*a - 14. Let z be g(-2). Let q(k) = 2*k**2 + 0*k**z + 5*k - 9*k - 3*k**2 - 4. Determine q(-5).
-9
Let t(k) = -2*k**3 + 4*k**2 - 11*k + 1. Let p(x) = -4*x**2 - 126*x + 67. Let a be p(-32). Determine t(a).
-50
Let i(a) be the third derivative of a**5/60 + 8*a**3/3 - 16*a**2. Suppose 0 = 11*l - 2*l. What is i(l)?
16
Let t = -25851 - -25845. Let u(i) = i**3 + 8*i**2 + 4*i - 51. What is u(t)?
-3
Let r(p) be the second derivative of -p**5/20 + p**4/12 - 2*p. Let j(h) = -9*h**2 + 3*h + 4. Let z be j(-2). Let k = 39 + z. What is r(k)?
0
Let i(h) = 1934 - 3*h - 3*h - 1932 + h**2. What is i(1)?
-3
Let x(k) = 72*k**2 + 104*k - 157. Let v(y) = -26*y**2 - 34*y + 53. Let q(d) = -11*v(d) - 4*x(d). Calculate q(-22).
1
Let h(g) = 3*g + 2. Let w be (174/145)/((-6)/40). Let x be (3 + w - 1*-2)/1. Give h(x).
-7
Let x(n) be the third derivative of -n**5/60 - 7*n**4/24 + n**3 - n**2. Let m be 37 + 4522/(-102) + (-2)/3. Determine x(m).
-2
Suppose 5*p - 5*h + 7*h + 466 = 0, -3*p = -3*h + 267. Suppose 336 = -5*t + t. Let r = p - t. Let o(z) = z**2 + 9*z - 4. Determine o(r).
-12
Let i(z) be the second derivative of 1/2*z**2 + 0 + 34*z + 2/3*z**3. What is i(1)?
5
Let c(k) = -7*k + 15. Let h(r) = 11*r - 16. Let n be 8/12 - (-49)/21. Let m(u) = n*c(u) + 2*h(u). Determine m(-14).
-1
Let j(k) = -3*k - 2. Let d be 1*(-1)/(141/36 + -4). Suppose -5*m - 15 = -10*m + 2*l, 4*m - d = -4*l. Calculate j(m).
-11
Let n = 3753 + -3750. Suppose 0 = -2*h + h - 5*r + 100, -h = -r - 70. Let j be n*5/h - 8/(-10). Let b(c) = 18*c + 1. Determine b(j).
19
Let w(n) = -n + 12. Let f(i) = 8*i**2 + 146*i + 45. Let p be f(-18). What is w(p)?
3
Let q be -6 + (-1 - -3) + (19 - 6). Let x(w) = -q*w - 16*w**2 - 22*w**2 - 11 + 37*w**2. Let l be x(-7). Let m(b) = 3*b**2 - 5*b + 3. What is m(l)?
15
Let w(c) = -5*c - 1. Let f(g) = -9*g - 1. Let u(a) = -6*f(a) + 11*w(a). Suppose s + 35 = -4*o, -4*s - 2*o - 3 - 39 = 0. Determine u(s).
2
Let v(h) = 2*h**3 - h**2 + h + 1. Suppose o - 25 = 6*o. Let f be (o - -6)*(1 - 2). Calculate v(f).
-3
Let l(i) be the second derivative of i**5/60 - 5*i**4/12 - 55*i**3/6 + 54*i. Let n(r) be the second derivative of l(r). Determine n(8).
6
Let m(x) be the third derivative of -x**7/2520 + x**6/180 + x**5/20 - 13*x**4/8 - 13*x**2 - 1. Let q(w) be the second derivative of m(w). Give q(5).
1
Let n(b) = -b**3 - 5*b**2 + 4. Let z be (-36)/(-24)*(-118)/(-3). Suppose 7*u - 165 = 4*u - 3*t, 3*u = -5*t + 167. Let r = u - z. Calculate n(r).
4
Let u = 2 - 7. Let n(f) be the third derivative of f**6/120 + f**5/20 - 5*f**4/24 - f**3/3 - 3337*f**2. Determine n(u).
-27
Let b(r) = 3*r - 47. Let c be b(16). Let f(i) = -3*i + 5. What is f(c)?
2
Suppose 42319 = 45*u + 10954. Let t = -704 + u. Let v(x) = -2*x**2 + 11*x + 6. Let b(k) = -k**2 + 10*k + 7. Let d(i) = 3*b(i) - 2*v(i). Give d(t).
2
Let d(x) = -4*x + 26. Let i be d(-5). Let f(j) = 1 - 16*j - 14*j - 3*j**2 + i*j - 17*j. Determine f(1).
-3
Let t(o) be the third derivative of -1/12*o**4 - 7/120*o**6 + 0*o + 1/6*o**3 + 3*o**2 + 1/30*o**5 + 0. Suppose -226 = -4*v - 3*v - 219. What is t(v)?
-6
Let u be (-8)/48 - 25/(-6). Let r(f) = -2*f + 91 + u*f - 3*f - 83. Give r(12).
-4
Let s(l) = 11*l - 11. Suppose 0 = -32*a + 37*a - o - 30, 4*o = -3*a + 18. What is s(a)?
55
Suppose 28 = 4*h + 4*f, 0 = -5*h + 6*f - 10*f + 31. Let a(m) = -m. Let j(i) = -2*i**2 - 4*i. Let t(q) = -10*a(q) + 2*j(q). Determine t(h).
-30
Suppose 2*m = -366 + 376. Let y(g) = 6 + 2*g + 11*g - 18*g + m*g - g. Determine y(0).
6
Let x(i) = -2*i + 79. Let o be x(32). Suppose -o = 189*k - 194*k. Let p(w) = 2*w**2 - 3*w. What is p(k)?
9
Let z(v) be the third derivative of v**4/12 + v**3 + 663*v**2. Determine z(-5).
-4
Let n(i) = i - 9. Let l(s) = -2*s**2 + 35. Let v(t) = l(t) + 4*n(t). What is v(2)?
-1
Suppose -11*l + 4*l + 189 = 0. Suppose 56 + 25 = l*s. Let t(q) be the third derivative of -q**6/120 + q**5/20 - q**4/12 - q**3/2 + 2*q**2. Give t(s).
-9
Let o be 1*(1 + -3)*(-2 - -1). Let d(f) = 3*f**o - 2*f**2 - 3*f**2 - 5*f. Calculate d(-4).
-12
Let l(t) = -4*t**2 + 17*t - 21. Let z be l(2). Let c be (z + 2)*(-2 - -2). Let b(f) = f**3 + f**2 - f + 10. Give b(c).
10
Let t(r) = r**2 + 16*r - 1. Let k be -22 - -28*(-6)/(-21). Calculate t(k).
-29
Let w(d) be the first derivative of -d**3/3 - 25*d**2/2 - 11*d - 1391. What is w(-15)?
139
Let h be (6 - 5)*-1 - 541*-1. Suppose 2*n - h = -8*n. Suppose -40*q = -34*q - n. Let u(m) = m**2 - 6*m - 13. Determine u(q).
14
Suppose 4*b = -12, -6*s = -8*s - 2*b - 2. Let m(g) = -4*g + 138*g**2 - g**3 + 142*g**2 - 408*g**s - 3 + 134*g**2. Calculate m(5).
2
Let i(o) = -11*o**3 - 2*o**2 + 1. Let h = -161 + 300. Let x = -138 + h. What is i(x)?
-12
Suppose 0 = -2*o + 7 + 1. Let i = 53 + 106. Let m(f) = -8 + 3*f + f**3 - 163*f**2 + i*f**2 + 4. Determine m(o).
8
Let w(c) = 2*c - 11. Let t be w(8). Let p(v) = 13*v**3 - 7*v**2 + 7*v - 10. Let r(l) = -15*l**3 + 7*l**2 - 7*l + 12. Let z(x) = -7*p(x) - 6*r(x). Give z(t).
13
Let c(d) = 4 + 2*d**2 - 22 + 4*d + 71*d**2 - 72*d**2. Give c(-8).
14
Let u(i) = 4*i - 187. Let t(v) = 5*v - 173. Let f(w) = 13*t(w) - 12*u(w). Determine f(-1).
-22
Let z(k) be the second derivative of 3*k - 3*k**2 - 7/6*k**3 - 25 + 1/12*k**4. Determine z(7).
-6
Let g(b) = -b**3 + 82*b**2 + 83*b - 23. Let q be g(83). Let u(o) = 2*o**3 + 45*o**2 - 23*o. Give u(q).
0
Suppose -5*d + 20 = 5. Suppose b + 4*b - 22 = -4*n, -b - 7 = -d*n. Let z(s) = s**2 + 3*s - 3. Determine z(b).
7
Let q(f) = -16*f**3 - 4*f + 3. Let t(j) = 25*j + 276. Let v be t(-11). What is q(v)?
-17
Suppose 106*a + 98*a = 183*a - 189. Let y(r) = -61*r - 543. Determine y(a).
6
Suppose 0 = -g - 2*g + 36. Let r be 8/g*18/4. Let u(k) = -2*k**3 + 4 + 6*k**3 + 4*k**2 - 5*k**3. Calculate u(r).
13
Let s(h) be the third derivative of 3*h**5/20 - 7*h**4/3 + 11*h**3/3 + 9*h**2 - 95. Calculate s(6).
10
Let p(c) = 6*c**3 - 2*c**2 + 7*c - 11. Let i(g) = -5*g**3 + 3*g**2 - 6*g + 9. Let l(k) = 5*i(k) + 4*p(k). Suppose 76 = 6*w + 40. Give l(w).
25
Let t(h) = 7*h + 14. Let f(i) = 3*i + 7. Let n(q) = 5*f(q) - 2*t(q). Let z be 3 + 0 + (4 - 7). Let x be z + -5 + (4 - (-10 + 4)). Give n(x).
12
Let w be 1*5*(-15985)/115. Let f = 706 + w. Let d(o) = -o**2 + 11*o + 11. Determine d(f).
11
Let u = 5372 - 5369. Let w(o) be the first derivative of 1/2*o**2 + u*o - 14. What is w(5)?
8
Let d(v) be the first derivative of v**2/2 - 9*v - 719. Calculate d(-8).
-17
Let i(z) = z - 1. Let